{"id":310,"date":"2018-04-22T19:11:02","date_gmt":"2018-04-22T19:11:02","guid":{"rendered":"http:\/\/www.radgeber-leipzig.de\/radgeber_neu\/?page_id=310"},"modified":"2018-04-22T19:11:09","modified_gmt":"2018-04-22T19:11:09","slug":"how-it-looks","status":"publish","type":"page","link":"https:\/\/radgeber-leipzig.de\/?page_id=310&lang=en","title":{"rendered":"How it looks"},"content":{"rendered":"<div id=\"pl-310\"  class=\"panel-layout\" ><div id=\"pg-310-0\"  class=\"panel-grid panel-no-style\" ><div id=\"pgc-310-0-0\"  class=\"panel-grid-cell\" ><div id=\"panel-310-0-0-0\" class=\"so-panel widget widget_sow-editor panel-first-child panel-last-child\" data-index=\"0\" ><div\n\t\t\t\n\t\t\tclass=\"so-widget-sow-editor so-widget-sow-editor-base\"\n\t\t\t\n\t\t>\n<div class=\"siteorigin-widget-tinymce textwidget\">\n\t<p>Der Radgeber: Unendliche Weiten. Sieh hier einen kleinen fotografischen Rundgang durch unsere R\u00e4umlichkeiten. Wir haben sie f\u00fcr euch so sch\u00f6n gemacht.<\/p>\n<\/div>\n<\/div><\/div><\/div><\/div><div id=\"pg-310-1\"  class=\"panel-grid panel-no-style\" ><div id=\"pgc-310-1-0\"  class=\"panel-grid-cell\" ><div id=\"panel-310-1-0-0\" class=\"so-panel widget widget_sow-image panel-first-child panel-last-child\" data-index=\"1\" ><div\n\t\t\t\n\t\t\tclass=\"so-widget-sow-image so-widget-sow-image-default-8b5b6f678277-310\"\n\t\t\t\n\t\t>\n<div class=\"sow-image-container\">\n\t\t<img \n\tsrc=\"https:\/\/radgeber-leipzig.de\/wp-content\/uploads\/2017\/12\/Foto-16.11.17-09-22-37-1.jpg\" width=\"4032\" height=\"3024\" srcset=\"https:\/\/radgeber-leipzig.de\/wp-content\/uploads\/2017\/12\/Foto-16.11.17-09-22-37-1.jpg 4032w, https:\/\/radgeber-leipzig.de\/wp-content\/uploads\/2017\/12\/Foto-16.11.17-09-22-37-1-300x225.jpg 300w, https:\/\/radgeber-leipzig.de\/wp-content\/uploads\/2017\/12\/Foto-16.11.17-09-22-37-1-768x576.jpg 768w, https:\/\/radgeber-leipzig.de\/wp-content\/uploads\/2017\/12\/Foto-16.11.17-09-22-37-1-1024x768.jpg 1024w\" sizes=\"(max-width: 706px) 89vw, (max-width: 767px) 82vw, 740px\" title=\"Laden\" alt=\"Radgeber Laden\" \t\tclass=\"so-widget-image\"\/>\n\t<\/div>\n\n<\/div><\/div><\/div><div id=\"pgc-310-1-1\"  class=\"panel-grid-cell\" ><div id=\"panel-310-1-1-0\" class=\"so-panel widget widget_text panel-first-child panel-last-child\" data-index=\"2\" ><h3 class=\"widget-title\">Die Lage<\/h3>\t\t\t<div class=\"textwidget\"><p>Lorem ipsum dolor sit amet, consetetur sadipscing elitr, sed diam nonumy eirmod tempor invidunt ut labore et dolore magna aliquyam erat, sed diam voluptua. At vero eos et accusam et justo duo dolores et ea rebum. Stet clita kasd gubergren, no sea takimata sanctus est Lorem ipsum dolor sit amet.<\/p>\n<\/div>\n\t\t<\/div><\/div><\/div><div id=\"pg-310-2\"  class=\"panel-grid panel-no-style\" ><div id=\"pgc-310-2-0\"  class=\"panel-grid-cell\" ><div id=\"panel-310-2-0-0\" class=\"so-panel widget widget_sow-image panel-first-child panel-last-child\" data-index=\"3\" ><div\n\t\t\t\n\t\t\tclass=\"so-widget-sow-image so-widget-sow-image-default-8b5b6f678277-310\"\n\t\t\t\n\t\t>\n<div class=\"sow-image-container\">\n\t\t<img \n\tsrc=\"https:\/\/radgeber-leipzig.de\/wp-content\/uploads\/2017\/12\/Foto-16.11.17-09-22-37-1.jpg\" width=\"4032\" height=\"3024\" srcset=\"https:\/\/radgeber-leipzig.de\/wp-content\/uploads\/2017\/12\/Foto-16.11.17-09-22-37-1.jpg 4032w, https:\/\/radgeber-leipzig.de\/wp-content\/uploads\/2017\/12\/Foto-16.11.17-09-22-37-1-300x225.jpg 300w, https:\/\/radgeber-leipzig.de\/wp-content\/uploads\/2017\/12\/Foto-16.11.17-09-22-37-1-768x576.jpg 768w, https:\/\/radgeber-leipzig.de\/wp-content\/uploads\/2017\/12\/Foto-16.11.17-09-22-37-1-1024x768.jpg 1024w\" sizes=\"(max-width: 706px) 89vw, (max-width: 767px) 82vw, 740px\" title=\"Laden\" alt=\"Radgeber Laden\" \t\tclass=\"so-widget-image\"\/>\n\t<\/div>\n\n<\/div><\/div><\/div><div id=\"pgc-310-2-1\"  class=\"panel-grid-cell\" ><div id=\"panel-310-2-1-0\" class=\"so-panel widget widget_text panel-first-child panel-last-child\" data-index=\"4\" ><h3 class=\"widget-title\">Der Laden<\/h3>\t\t\t<div class=\"textwidget\"><p>Auf 150 hellen Quadratmetern bieten wir euch zehn Schrauber*innenpl\u00e4tze und zwei Laufradbau- und Zentrierstationen. Wir haben sanit\u00e4re Anlagen und nat\u00fcrlich kann man sich nach getaner Arbeit bei uns auch die H\u00e4nde sauber machen.<\/p>\n<\/div>\n\t\t<\/div><\/div><\/div><div id=\"pg-310-3\"  class=\"panel-grid panel-no-style\" ><div id=\"pgc-310-3-0\"  class=\"panel-grid-cell\" ><div id=\"panel-310-3-0-0\" class=\"so-panel widget widget_sow-image panel-first-child panel-last-child\" data-index=\"5\" ><div\n\t\t\t\n\t\t\tclass=\"so-widget-sow-image so-widget-sow-image-default-8b5b6f678277-310\"\n\t\t\t\n\t\t>\n<div class=\"sow-image-container\">\n\t\t<img \n\tsrc=\"https:\/\/radgeber-leipzig.de\/wp-content\/uploads\/2017\/12\/Foto-16.11.17-09-24-53-1.jpg\" width=\"4032\" height=\"3024\" srcset=\"https:\/\/radgeber-leipzig.de\/wp-content\/uploads\/2017\/12\/Foto-16.11.17-09-24-53-1.jpg 4032w, https:\/\/radgeber-leipzig.de\/wp-content\/uploads\/2017\/12\/Foto-16.11.17-09-24-53-1-300x225.jpg 300w, https:\/\/radgeber-leipzig.de\/wp-content\/uploads\/2017\/12\/Foto-16.11.17-09-24-53-1-768x576.jpg 768w, https:\/\/radgeber-leipzig.de\/wp-content\/uploads\/2017\/12\/Foto-16.11.17-09-24-53-1-1024x768.jpg 1024w\" sizes=\"(max-width: 706px) 89vw, (max-width: 767px) 82vw, 740px\" title=\"Arbeitspl\u00e4tze\" alt=\"Arbeitspl\u00e4tze\" \t\tclass=\"so-widget-image\"\/>\n\t<\/div>\n\n<\/div><\/div><\/div><div id=\"pgc-310-3-1\"  class=\"panel-grid-cell\" ><div id=\"panel-310-3-1-0\" class=\"so-panel widget widget_text panel-first-child panel-last-child\" data-index=\"6\" ><h3 class=\"widget-title\">Arbeitspl\u00e4tze<\/h3>\t\t\t<div class=\"textwidget\"><p>Jeder unserer zehn Arbeitspl\u00e4tze verf\u00fcgt \u00fcber einen r\u00fcckenfreundlichen Montagest\u00e4nder und einen Werkzeugsatz f\u00fcr die meisten anfallenden Arbeiten. Ihr k\u00f6nnt r\u00fcckenfreundlich in Augenh\u00f6he an eurem Fahrrad schrauben und habt die wichtigen Hilfsmittel immer in Reichweite. So macht das selbst\u00e4ndige Schrauben Spa\u00df.<\/p>\n<\/div>\n\t\t<\/div><\/div><\/div><div id=\"pg-310-4\"  class=\"panel-grid panel-no-style\" ><div id=\"pgc-310-4-0\"  class=\"panel-grid-cell\" ><div id=\"panel-310-4-0-0\" class=\"so-panel widget widget_sow-image panel-first-child panel-last-child\" data-index=\"7\" ><div\n\t\t\t\n\t\t\tclass=\"so-widget-sow-image so-widget-sow-image-default-8b5b6f678277-310\"\n\t\t\t\n\t\t>\n<div class=\"sow-image-container\">\n\t\t<img \n\tsrc=\"https:\/\/radgeber-leipzig.de\/wp-content\/uploads\/2017\/12\/Foto-16.11.17-09-29-31-1-e1513774788894.jpg\" width=\"3024\" height=\"4032\" srcset=\"https:\/\/radgeber-leipzig.de\/wp-content\/uploads\/2017\/12\/Foto-16.11.17-09-29-31-1-e1513774788894.jpg 3024w, https:\/\/radgeber-leipzig.de\/wp-content\/uploads\/2017\/12\/Foto-16.11.17-09-29-31-1-e1513774788894-225x300.jpg 225w, https:\/\/radgeber-leipzig.de\/wp-content\/uploads\/2017\/12\/Foto-16.11.17-09-29-31-1-e1513774788894-768x1024.jpg 768w\" sizes=\"(max-width: 706px) 89vw, (max-width: 767px) 82vw, 740px\" title=\"Spezialwerkzeuge\" alt=\"Spezialwerkzeuge\" \t\tclass=\"so-widget-image\"\/>\n\t<\/div>\n\n<\/div><\/div><\/div><div id=\"pgc-310-4-1\"  class=\"panel-grid-cell\" ><div id=\"panel-310-4-1-0\" class=\"so-panel widget widget_text panel-first-child panel-last-child\" data-index=\"8\" ><h3 class=\"widget-title\">Spezialwerkzeuge<\/h3>\t\t\t<div class=\"textwidget\"><p>F\u00fcr spezielle Arbeiten wie zum Beispiel Lagersitz fr\u00e4sen, Steuersatz einpressen, Gewinde schneiden und Steuerrohr fr\u00e4sen haben wir Spezialwerkzeuge im Radgeber. Wenn ihr mit diesen Tools keine Erfahrungen habt, hilft euch gern das freundliche Radgeberpersonal.<\/p>\n<\/div>\n\t\t<\/div><\/div><\/div><div id=\"pg-310-5\"  class=\"panel-grid panel-no-style\" ><div id=\"pgc-310-5-0\"  class=\"panel-grid-cell\" ><div id=\"panel-310-5-0-0\" class=\"so-panel widget widget_sow-image panel-first-child panel-last-child\" data-index=\"9\" ><div\n\t\t\t\n\t\t\tclass=\"so-widget-sow-image so-widget-sow-image-default-8b5b6f678277-310\"\n\t\t\t\n\t\t>\n<div class=\"sow-image-container\">\n\t\t<img \n\tsrc=\"https:\/\/radgeber-leipzig.de\/wp-content\/uploads\/2017\/12\/Foto-16.11.17-09-23-22.jpg\" width=\"4032\" height=\"3024\" srcset=\"https:\/\/radgeber-leipzig.de\/wp-content\/uploads\/2017\/12\/Foto-16.11.17-09-23-22.jpg 4032w, https:\/\/radgeber-leipzig.de\/wp-content\/uploads\/2017\/12\/Foto-16.11.17-09-23-22-300x225.jpg 300w, https:\/\/radgeber-leipzig.de\/wp-content\/uploads\/2017\/12\/Foto-16.11.17-09-23-22-768x576.jpg 768w, https:\/\/radgeber-leipzig.de\/wp-content\/uploads\/2017\/12\/Foto-16.11.17-09-23-22-1024x768.jpg 1024w\" sizes=\"(max-width: 706px) 89vw, (max-width: 767px) 82vw, 740px\" title=\"SB-Wand\" alt=\"SB-Wand\" \t\tclass=\"so-widget-image\"\/>\n\t<\/div>\n\n<\/div><\/div><\/div><div id=\"pgc-310-5-1\"  class=\"panel-grid-cell\" ><div id=\"panel-310-5-1-0\" class=\"so-panel widget widget_text panel-first-child panel-last-child\" data-index=\"10\" ><h3 class=\"widget-title\">Zentrierst\u00e4nder<\/h3>\t\t\t<div class=\"textwidget\"><p>F\u00fcr die meisten Arbeiten an Laufr\u00e4dern sind wir im Radgeber bestens ausger\u00fcstet. Wir bieten euch zwei Pr\u00e4zisions-Zentrierst\u00e4nder samt zugeh\u00f6rigem Werkzeug, mit denen ihr nicht nur fiese Achter beheben, sondern euch auch bei entsprechender Fertigkeit ganze Laufr\u00e4der neu bauen k\u00f6nnt.<\/p>\n<\/div>\n\t\t<\/div><\/div><\/div><div id=\"pg-310-6\"  class=\"panel-grid panel-no-style\" ><div id=\"pgc-310-6-0\"  class=\"panel-grid-cell\" ><div id=\"panel-310-6-0-0\" class=\"so-panel widget widget_sow-image panel-first-child panel-last-child\" data-index=\"11\" ><div\n\t\t\t\n\t\t\tclass=\"so-widget-sow-image so-widget-sow-image-default-8b5b6f678277-310\"\n\t\t\t\n\t\t>\n<div class=\"sow-image-container\">\n\t\t<img \n\tsrc=\"https:\/\/radgeber-leipzig.de\/wp-content\/uploads\/2017\/12\/Foto-16.11.17-09-28-04.jpg\" width=\"4032\" height=\"3024\" srcset=\"https:\/\/radgeber-leipzig.de\/wp-content\/uploads\/2017\/12\/Foto-16.11.17-09-28-04.jpg 4032w, https:\/\/radgeber-leipzig.de\/wp-content\/uploads\/2017\/12\/Foto-16.11.17-09-28-04-300x225.jpg 300w, https:\/\/radgeber-leipzig.de\/wp-content\/uploads\/2017\/12\/Foto-16.11.17-09-28-04-768x576.jpg 768w, https:\/\/radgeber-leipzig.de\/wp-content\/uploads\/2017\/12\/Foto-16.11.17-09-28-04-1024x768.jpg 1024w\" sizes=\"(max-width: 706px) 89vw, (max-width: 767px) 82vw, 740px\" title=\"Gebrauchtteile\" alt=\"Gebrauchtteile\" \t\tclass=\"so-widget-image\"\/>\n\t<\/div>\n\n<\/div><\/div><\/div><div id=\"pgc-310-6-1\"  class=\"panel-grid-cell\" ><div id=\"panel-310-6-1-0\" class=\"so-panel widget widget_text panel-first-child panel-last-child\" data-index=\"12\" ><h3 class=\"widget-title\">Teilereiniger<\/h3>\t\t\t<div class=\"textwidget\"><p>F\u00fcr die Arbeit an Schaltgetriebenaben haben wir ein echtes Profiwerkzeug vor Ort: Mit unserem Teilereiniger werden auch verklebte Schaltgetriebe wieder g\u00e4ngig. Die Benutzung des Teilereinigers erfolgt bitte nur unter Aufsicht, sie ist au\u00dferdem kostenpflichtig.<\/p>\n<\/div>\n\t\t<\/div><\/div><\/div><div id=\"pg-310-7\"  class=\"panel-grid panel-no-style\" ><div id=\"pgc-310-7-0\"  class=\"panel-grid-cell\" ><div id=\"panel-310-7-0-0\" class=\"so-panel widget widget_sow-image panel-first-child panel-last-child\" data-index=\"13\" ><div\n\t\t\t\n\t\t\tclass=\"so-widget-sow-image so-widget-sow-image-default-8b5b6f678277-310\"\n\t\t\t\n\t\t>\n<div class=\"sow-image-container\">\n\t\t<img \n\tsrc=\"https:\/\/radgeber-leipzig.de\/wp-content\/uploads\/2017\/12\/Foto-16.11.17-09-27-43-e1513774988132.jpg\" width=\"3024\" height=\"4032\" srcset=\"https:\/\/radgeber-leipzig.de\/wp-content\/uploads\/2017\/12\/Foto-16.11.17-09-27-43-e1513774988132.jpg 3024w, https:\/\/radgeber-leipzig.de\/wp-content\/uploads\/2017\/12\/Foto-16.11.17-09-27-43-e1513774988132-225x300.jpg 225w, https:\/\/radgeber-leipzig.de\/wp-content\/uploads\/2017\/12\/Foto-16.11.17-09-27-43-e1513774988132-768x1024.jpg 768w\" sizes=\"(max-width: 706px) 89vw, (max-width: 767px) 82vw, 740px\" title=\"Teilereiniger\/ Nabenwartung\" alt=\"Teilereiniger\/ Nabenwartung\" \t\tclass=\"so-widget-image\"\/>\n\t<\/div>\n\n<\/div><\/div><\/div><div id=\"pgc-310-7-1\"  class=\"panel-grid-cell\" ><div id=\"panel-310-7-1-0\" class=\"so-panel widget widget_text panel-first-child panel-last-child\" data-index=\"14\" ><h3 class=\"widget-title\">Gebrauchtteile<\/h3>\t\t\t<div class=\"textwidget\"><p>Wir sind der Nachhaltigkeit verpflichtet. Darum sammeln wir alte Fahrradteile, arbeiten sie auf und stellen sie euch in guter Qualit\u00e4t f\u00fcr kleines Geld zur Verf\u00fcgung. So findet man bei uns auch gebrauchte Ersatzteile, die im Fachhandel schon gar nicht mehr zu bekommen sind. Das schont den Geldbeutel, die Umwelt und macht vielleicht auch dein Fahrrad wieder fit.<\/p>\n<\/div>\n\t\t<\/div><\/div><\/div><div id=\"pg-310-8\"  class=\"panel-grid panel-no-style\" ><div id=\"pgc-310-8-0\"  class=\"panel-grid-cell\" ><div id=\"panel-310-8-0-0\" class=\"so-panel widget widget_sow-image panel-first-child panel-last-child\" data-index=\"15\" ><div\n\t\t\t\n\t\t\tclass=\"so-widget-sow-image so-widget-sow-image-default-8b5b6f678277-310\"\n\t\t\t\n\t\t>\n<div class=\"sow-image-container\">\n\t\t<img \n\tsrc=\"https:\/\/radgeber-leipzig.de\/wp-content\/uploads\/2017\/12\/Foto-16.11.17-09-33-29-e1513775297407.jpg\" width=\"3024\" height=\"4032\" srcset=\"https:\/\/radgeber-leipzig.de\/wp-content\/uploads\/2017\/12\/Foto-16.11.17-09-33-29-e1513775297407.jpg 3024w, https:\/\/radgeber-leipzig.de\/wp-content\/uploads\/2017\/12\/Foto-16.11.17-09-33-29-e1513775297407-225x300.jpg 225w, https:\/\/radgeber-leipzig.de\/wp-content\/uploads\/2017\/12\/Foto-16.11.17-09-33-29-e1513775297407-768x1024.jpg 768w\" sizes=\"(max-width: 706px) 89vw, (max-width: 767px) 82vw, 740px\" title=\"Zentrierst\u00e4nder\" alt=\"Zentrierst\u00e4nder\" \t\tclass=\"so-widget-image\"\/>\n\t<\/div>\n\n<\/div><\/div><\/div><div id=\"pgc-310-8-1\"  class=\"panel-grid-cell\" ><div id=\"panel-310-8-1-0\" class=\"so-panel widget widget_text panel-first-child panel-last-child\" data-index=\"16\" ><h3 class=\"widget-title\">Neuteile<\/h3>\t\t\t<div class=\"textwidget\"><p>Jedes Fahrrad hat Verschlei\u00dfteile, die in bestimmten Abst\u00e4nden getauscht werden m\u00fcssen. Darum f\u00fchren wir ein breites Sortiment an Verschlei\u00df- und Ersatzteilen, wie z.B. Reifen, Schl\u00e4uche, Bremsbel\u00e4ge, Antriebsteile und Bowdenz\u00fcge. Au\u00dferdem haben wir ein umfangreiches Zubeh\u00f6rangebot im Laden, das z.B. Fahrradtaschen, Schl\u00f6sser, Klingeln und Beleuchtungsanlagen umfasst.<\/p>\n<\/div>\n\t\t<\/div><\/div><\/div><div id=\"pg-310-9\"  class=\"panel-grid panel-no-style\" ><div id=\"pgc-310-9-0\"  class=\"panel-grid-cell\" ><div id=\"panel-310-9-0-0\" class=\"so-panel widget widget_sow-image panel-first-child panel-last-child\" data-index=\"17\" ><div\n\t\t\t\n\t\t\tclass=\"so-widget-sow-image so-widget-sow-image-default-8b5b6f678277-310\"\n\t\t\t\n\t\t>\n<div class=\"sow-image-container\">\n\t\t<img \n\tsrc=\"https:\/\/radgeber-leipzig.de\/wp-content\/uploads\/2017\/12\/Foto-16.11.17-09-33-29-e1513775297407.jpg\" width=\"3024\" height=\"4032\" srcset=\"https:\/\/radgeber-leipzig.de\/wp-content\/uploads\/2017\/12\/Foto-16.11.17-09-33-29-e1513775297407.jpg 3024w, https:\/\/radgeber-leipzig.de\/wp-content\/uploads\/2017\/12\/Foto-16.11.17-09-33-29-e1513775297407-225x300.jpg 225w, https:\/\/radgeber-leipzig.de\/wp-content\/uploads\/2017\/12\/Foto-16.11.17-09-33-29-e1513775297407-768x1024.jpg 768w\" sizes=\"(max-width: 706px) 89vw, (max-width: 767px) 82vw, 740px\" title=\"Zentrierst\u00e4nder\" alt=\"Zentrierst\u00e4nder\" \t\tclass=\"so-widget-image\"\/>\n\t<\/div>\n\n<\/div><\/div><\/div><div id=\"pgc-310-9-1\"  class=\"panel-grid-cell\" ><div id=\"panel-310-9-1-0\" class=\"so-panel widget widget_text panel-first-child panel-last-child\" data-index=\"18\" ><h3 class=\"widget-title\">Gestaltung<\/h3>\t\t\t<div class=\"textwidget\"><p>Unsere Liebe zum Fahrrad kommt in der Gestaltung des Radgebers zum Ausdruck. Im Radgeber gibt es viele Details aus der Fahrradwelt zu entdecken. Unser viersprachiges Wandfahrrad ist das wohl beliebteste Fotomotiv aber noch l\u00e4ngst nicht alles &#8230;<\/p>\n<\/div>\n\t\t<\/div><\/div><\/div><div id=\"pg-310-10\"  class=\"panel-grid panel-no-style\" ><div id=\"pgc-310-10-0\"  class=\"panel-grid-cell\" ><div id=\"panel-310-10-0-0\" class=\"so-panel widget widget_sow-editor panel-first-child panel-last-child\" data-index=\"19\" ><div\n\t\t\t\n\t\t\tclass=\"so-widget-sow-editor so-widget-sow-editor-base\"\n\t\t\t\n\t\t>\n<div class=\"siteorigin-widget-tinymce textwidget\">\n\t<p><a href=\"http:\/\/www.radgeber-leipzig.de\/radgeber_neu\/?page_id=107\">unsere Mitarbeiter<\/a><\/p>\n<\/div>\n<\/div><\/div><\/div><\/div><\/div>","protected":false},"excerpt":{"rendered":"<p>Der Radgeber: Unendliche Weiten. Sieh hier einen kleinen fotografischen Rundgang durch unsere R\u00e4umlichkeiten. Wir haben sie f\u00fcr euch so sch\u00f6n gemacht. Lorem ipsum dolor sit amet, consetetur sadipscing elitr, sed diam nonumy eirmod tempor invidunt ut labore et dolore magna aliquyam erat, sed diam voluptua. At vero eos et accusam et justo duo dolores et &hellip; <\/p>\n<p class=\"link-more\"><a href=\"https:\/\/radgeber-leipzig.de\/?page_id=310&#038;lang=en\" class=\"more-link\"><span class=\"screen-reader-text\">\u201eHow it looks\u201c<\/span> weiterlesen<\/a><\/p>\n","protected":false},"author":1,"featured_media":0,"parent":0,"menu_order":0,"comment_status":"closed","ping_status":"closed","template":"","meta":{"_acf_changed":false,"footnotes":""},"class_list":["post-310","page","type-page","status-publish","hentry"],"acf":[],"_links":{"self":[{"href":"https:\/\/radgeber-leipzig.de\/index.php?rest_route=\/wp\/v2\/pages\/310","targetHints":{"allow":["GET"]}}],"collection":[{"href":"https:\/\/radgeber-leipzig.de\/index.php?rest_route=\/wp\/v2\/pages"}],"about":[{"href":"https:\/\/radgeber-leipzig.de\/index.php?rest_route=\/wp\/v2\/types\/page"}],"author":[{"embeddable":true,"href":"https:\/\/radgeber-leipzig.de\/index.php?rest_route=\/wp\/v2\/users\/1"}],"replies":[{"embeddable":true,"href":"https:\/\/radgeber-leipzig.de\/index.php?rest_route=%2Fwp%2Fv2%2Fcomments&post=310"}],"version-history":[{"count":3,"href":"https:\/\/radgeber-leipzig.de\/index.php?rest_route=\/wp\/v2\/pages\/310\/revisions"}],"predecessor-version":[{"id":515,"href":"https:\/\/radgeber-leipzig.de\/index.php?rest_route=\/wp\/v2\/pages\/310\/revisions\/515"}],"wp:attachment":[{"href":"https:\/\/radgeber-leipzig.de\/index.php?rest_route=%2Fwp%2Fv2%2Fmedia&parent=310"}],"curies":[{"name":"wp","href":"https:\/\/api.w.org\/{rel}","templated":true}]}}