{"id":204,"date":"2017-12-20T14:03:40","date_gmt":"2017-12-20T14:03:40","guid":{"rendered":"http:\/\/www.radgeber-leipzig.de\/radgeber_neu\/?page_id=204"},"modified":"2023-03-20T17:10:28","modified_gmt":"2023-03-20T17:10:28","slug":"faq","status":"publish","type":"page","link":"https:\/\/radgeber-leipzig.de\/?page_id=204","title":{"rendered":"FAQ"},"content":{"rendered":"<p><b>I don&#8217;t speak German, can you help me anyway? <\/b>&#8211; Of course! Cycling is spoken around the world, we speak English and we are friendly. So please come around, we&#8217;re looking forward to your visit.<\/p>\n<p><b>Ist der Radgeber ein Fahrradgesch\u00e4ft? <\/b>&#8211; Nein. Wir sind eine Werkstatt, die auch Ersatzteile verkauft.<\/p>\n<p><b>Verkauft ihr Fahrr\u00e4der?<\/b> &#8211; Ab und zu gibt es gebrauchte R\u00e4der bei uns oder g\u00fcnstige Einstiegsmodelle. F\u00fcr den vollen \u00dcberblick \u00fcber ein zeitgem\u00e4\u00dfes Fahrradsortiment empfehlen wir den Besuch bei unseren Partnern vom R\u00fcckenwind [Link] in Leipzig-Schleu\u00dfig.<\/p>\n<p><b>Ich bin kein Student\/keine Studentin. Kann ich trotzdem bei euch schrauben?<\/b> &#8211; Nein. Diese Werkstatt kann nur von Studierenden genutzt werden, die mit dem Studentenwerk Leipzig verbunden sind.<\/p>\n<p><b>Ich habe eine Fahrradfrage. Kann ich daf\u00fcr bei euch rumkommen? <\/b>&#8211; Wenn du eine konkrete Reparaturfrage hast, k\u00f6nnen wir das besprechen. Alle anderen Fragen richtest du bitte an einen Fachh\u00e4ndler, zum Beispiel den R\u00fcckenwind [Link] in Leipzig-Schleu\u00dfig.<\/p>\n<p><b>Kann ich mir Spezialwerkzeug bei euch ausleihen?<\/b> &#8211; Nein. Unser Werkzeug ist nach einem klassischen Leitsatz geschult: Keiner verl\u00e4sst den Raum.<\/p>\n<p><b>Ich habe gestern etwas bei euch kaputt gemacht, aber mich nicht getraut, das zu sagen. Was soll ich tun?<\/b> &#8211; Wir lieben ehrliche Menschen. Komm her, lass uns dr\u00fcber reden, wir finden eine L\u00f6sung.<\/p>\n<p><b>Es ist immer so voll bei euch. Wann komme ich endlich dran?<\/b> &#8211; Wir verstehen das Problem. Erfahrungsgem\u00e4\u00df ist vormittags ab 10 Uhr am wenigsten los.<\/p>\n<p><b>Weist ihr Leute auch ab?<\/b> &#8211; Ja. Verdreckte Fahrr\u00e4der, Unfreundlichkeit und anma\u00dfendes Verhalten f\u00fchren zum Radgeberverweis.<\/p>\n<p><b>Habt ihr Spa\u00df?<\/b> &#8211; Und ob! Fahrr\u00e4der sind das beste und nette Menschen sind toll. Wir tun es gern.<\/p>\n","protected":false},"excerpt":{"rendered":"<p>I don&#8217;t speak German, can you help me anyway? &#8211; Of course! Cycling is spoken around the world, we speak English and we are friendly. So please come around, we&#8217;re looking forward to your visit. Ist der Radgeber ein Fahrradgesch\u00e4ft? &#8211; Nein. Wir sind eine Werkstatt, die auch Ersatzteile verkauft. Verkauft ihr Fahrr\u00e4der? &#8211; Ab &hellip; <\/p>\n<p class=\"link-more\"><a href=\"https:\/\/radgeber-leipzig.de\/?page_id=204\" class=\"more-link\"><span class=\"screen-reader-text\">\u201eFAQ\u201c<\/span> weiterlesen<\/a><\/p>\n","protected":false},"author":1,"featured_media":0,"parent":116,"menu_order":0,"comment_status":"closed","ping_status":"closed","template":"","meta":{"_acf_changed":false,"footnotes":""},"class_list":["post-204","page","type-page","status-publish","hentry"],"acf":[],"_links":{"self":[{"href":"https:\/\/radgeber-leipzig.de\/index.php?rest_route=\/wp\/v2\/pages\/204","targetHints":{"allow":["GET"]}}],"collection":[{"href":"https:\/\/radgeber-leipzig.de\/index.php?rest_route=\/wp\/v2\/pages"}],"about":[{"href":"https:\/\/radgeber-leipzig.de\/index.php?rest_route=\/wp\/v2\/types\/page"}],"author":[{"embeddable":true,"href":"https:\/\/radgeber-leipzig.de\/index.php?rest_route=\/wp\/v2\/users\/1"}],"replies":[{"embeddable":true,"href":"https:\/\/radgeber-leipzig.de\/index.php?rest_route=%2Fwp%2Fv2%2Fcomments&post=204"}],"version-history":[{"count":4,"href":"https:\/\/radgeber-leipzig.de\/index.php?rest_route=\/wp\/v2\/pages\/204\/revisions"}],"predecessor-version":[{"id":564,"href":"https:\/\/radgeber-leipzig.de\/index.php?rest_route=\/wp\/v2\/pages\/204\/revisions\/564"}],"up":[{"embeddable":true,"href":"https:\/\/radgeber-leipzig.de\/index.php?rest_route=\/wp\/v2\/pages\/116"}],"wp:attachment":[{"href":"https:\/\/radgeber-leipzig.de\/index.php?rest_route=%2Fwp%2Fv2%2Fmedia&parent=204"}],"curies":[{"name":"wp","href":"https:\/\/api.w.org\/{rel}","templated":true}]}}